ens digit of ((-104)/d)/(13/39)?
5
Suppose t + 5 = 7. What is the tens digit of t/16 + (-1340)/(-32)?
4
Let w be 27/21 - (-12)/(-42). Let q be 3 + 1*-69 + w. Let y = q - -119. What is the units digit of y?
4
Let i = -51 - -54. Suppose 4*r = h + i*h - 604, -4*h - 5*r = -577. What is the hundreds digit of h?
1
Let t(g) = -39*g**3 - 2*g**2 - 6*g - 8. What is the tens digit of t(-2)?
0
Suppose 4*r + 2*r - 150 = 0. Suppose -19*b - 522 = -r*b. What is the tens digit of b?
8
Suppose 2*g = -3*f - 365, 4*f - 122 = 5*f + g. Let q = 97 - f. What is the tens digit of q?
1
Let y be (-2)/3*45/(-2). Suppose h - 3*h - p + 9 = 0, -y = -5*p. Suppose 0 = 4*g - m - 4, h*g + 3*m + m - 3 = 0. What is the units digit of g?
1
What is the thousands digit of (-16 + (10 - -314))*(-21)/(-4)?
1
Let c be 3*((-56)/18 + 3)*-6. What is the units digit of ((-69640)/(-52))/5 - c/(-13)?
8
Let z be (-6)/(-2) - (1 - -1). What is the tens digit of 2 + 1 + (2 - -134*z)?
3
Let j(y) = 2*y + 19. Let d be j(-10). What is the units digit of 330/6 - (d - -1)?
5
Suppose 0 = 17*k - 19*k. Let c(t) = 4*t + 69. What is the units digit of c(k)?
9
Suppose 0*t + 13*t = 2405. Suppose 8*b = 9*b - t. What is the units digit of b?
5
Suppose -2*c = -2, g - 5*c - 516 = 202. What is the tens digit of g?
2
Suppose s + 1 = 6. Suppose 3*h = -4*a + h + 4, s*a - 4 = -2*h. Suppose a = -2*f - 23 + 75. What is the units digit of f?
6
Suppose 4*v = 2062 + 3082. What is the tens digit of v?
8
Let u be 0 + -1 - (6 + -3 + -516). Suppose 4*p = -4*z + u, -4*z + 3*z + 3*p = -140. What is the hundreds digit of z?
1
Suppose 0 = -4*y - 5*t + 405, -4*y - 124 = -t - 499. Let i = 146 - y. What is the tens digit of i?
5
Let r(m) = 141*m + 5*m**2 - 138*m - 3 + m**3 - 2*m**3. What is the units digit of r(5)?
2
Let o(t) = -t**3 - 2*t**2 + t. Let d be o(-3). What is the units digit of (-118)/d*(15 + -18)?
9
Suppose -14 = 5*a - 4. Let r be a*(1 + 27/6). Let p = 25 + r. What is the units digit of p?
4
Let p(l) = -367*l**3 - 10*l**2 - 2*l - 7. What is the thousands digit of p(-2)?
2
Let k = 846 + -490. Suppose -4*c - 5*y = -k, -4*c + 3*y + 356 = 2*y. What is the tens digit of c?
8
Let z = -13 - -22. Let d be z/(-6)*(-2)/1. Suppose -4*j - d*x + 78 = 0, 0*x + 4*x = 8. What is the units digit of j?
8
Suppose -n = 2*n - 612. Let j(r) = 35*r - 32. Let m be j(5). Let w = n - m. What is the units digit of w?
1
Let p(a) = a**3 + 20*a**2 - 23*a - 34. What is the units digit of p(-20)?
6
Let f = 512 + 65. What is the units digit of f?
7
Let u(p) = -3*p + 26. Let z be u(9). Let m(y) = 3*y**2 + 5*y**2 + 9*y**2. What is the units digit of m(z)?
7
Suppose 18359 = 11*r + 5214. Suppose -19*w + 24*w - r = 0. What is the tens digit of w?
3
Suppose 6 = -y - k, -2*y - k - 10 = 3. Suppose -52 = -3*f - 19. What is the units digit of (f - 13)*y/2?
7
Let a(b) be the first derivative of -b**4/4 - b**3/3 + b**2 + b - 1. Let z be a(-2). Suppose -65 = -4*q - z. What is the tens digit of q?
1
Let c = -49 + 69. Suppose 2*f + 0*f - c = 0. What is the units digit of (12/f)/((-6)/(-15))?
3
Suppose -2*p = 3*p + 425. Suppose -327 = 4*w + 205. Let a = p - w. What is the units digit of a?
8
Let h(v) = 2*v**2 + 3*v + 3. Let c be h(-2). Suppose -2*w - c*k + 28 + 70 = 0, 5*k - 137 = -3*w. Suppose -5*r + 139 = w. What is the units digit of r?
0
Let p(r) = r**3 + 9*r**2 - 2*r - 10. Let h be p(-9). Suppose -i + h = 3. What is the units digit of (-15)/(-3)*24/i?
4
Let b(s) = s + 14. Let j be b(-10). Suppose -h = -5*o + 4, -j = 2*o - 3*h - 16. Suppose -7*z + 462 = -o*z. What is the units digit of z?
6
Let y = -2802 + 5116. What is the tens digit of y?
1
Suppose -i - 3*x + 2*x = 8, 5*i + 3*x + 40 = 0. Let j = 55 - 60. What is the tens digit of (-54)/j + i/(-40)?
1
Let o be 4/((-64)/12)*-1272. Suppose 13*j - 7*j = o. What is the hundreds digit of j?
1
Let z(t) = 19 - 2*t + 4*t + 5*t - t**2 - 14*t. What is the units digit of z(-7)?
9
What is the units digit of (-14610)/(-150) + 16/10?
9
Let d be (6/(-4))/3*-2*768. Suppose 4*r = 0, 0 = 4*z + 3*r - 4*r - d. What is the tens digit of z?
9
Suppose 0 = 3*w, -4*l + 2 = 5*w - 10. Let k(x) = 13*x - 9. What is the units digit of k(l)?
0
Suppose c = -3*m + 8937, 5*m - 7*m = 3*c - 5965. What is the units digit of m?
8
Let z = -513 + 860. What is the hundreds digit of z?
3
Suppose 3*f + 155*v - 151*v = 9814, 0 = 5*f - 3*v - 16376. What is the tens digit of f?
7
Suppose 0 = -9*y - 9 - 9. What is the tens digit of (y/(-3))/(-2 - (-528)/261)?
2
Let m = -2558 + 4917. What is the tens digit of m?
5
Let v(k) = 5*k**2 - 6*k + 5. Let h(f) = -7*f + f**2 + 4*f**2 + 0 + 6. Let b(p) = -5*h(p) + 6*v(p). What is the tens digit of b(-2)?
2
Let j be (66/(-24))/((-3)/36). Suppose -5*c + 4417 = -998. What is the units digit of 2/11 + c/j?
3
Let d(q) = -33*q**3 - 2*q**2 - 2*q - 1. Let b = -1 - 0. What is the tens digit of d(b)?
3
Let f(m) be the second derivative of -m**5/20 + 5*m**4/6 - 11*m**3/6 + 3*m**2 + 7*m. Let h be f(8). Let l = -19 + h. What is the units digit of l?
7
Let i be ((-108)/48)/(-1 + 10/8). What is the units digit of 2/(-3) - 960/i?
6
Let m(c) = 2*c - 3. Let z be m(4). Suppose s = -z*u - 22, s = -0*s + 5*u - 2. What is the units digit of 836/16 - s/16?
3
Suppose -2113 = -j - 1388. What is the units digit of j?
5
Let n(f) = f**3 - 7*f**2 + 2. Let p(h) = -h**3 - h - 2. Let a be p(-2). What is the units digit of n(a)?
6
Let t(f) = -13*f**3 - 7*f**2 - 4*f - 8. What is the units digit of t(-5)?
2
Suppose 14*k = -71 + 1793. What is the hundreds digit of k?
1
Let j(i) = -i - 2. Let c be j(-7). Suppose 0*o + v = 3*o - 65, -3*o = -c*v - 61. What is the tens digit of 4/o + 119/11?
1
What is the tens digit of ((-12)/(-9))/((-14420)/(-7203) + -2)?
8
Let v = -61 + 35. Let n = -25 - -17. Let t = n - v. What is the units digit of t?
8
Let v(b) = -2*b - 27. Let k be v(-18). Suppose 4*y = k*y - 370. What is the tens digit of y?
7
Suppose -13 = -4*j + 11. Suppose j*k - 4*k = 164. What is the tens digit of k?
8
Let o(v) = 3*v - 45. Let c be o(5). What is the units digit of (-6732)/c - (-6)/(-15)?
4
Let n(k) = k**2 + k - 10. Let w be n(-4). Suppose 0*z + 2*z - 3*f - 67 = 0, 0 = -w*f + 6. What is the tens digit of z?
3
Let b be 96/9*6/4. Suppose -4*s = y - 19, 0 = -5*s + 4 + b. Suppose l + 2*t = 26 - y, 2*l - 30 = 4*t. What is the units digit of l?
9
Let g(v) = -15*v + 30. Let y(z) = 7*z - 15. Let m(u) = 3*g(u) + 5*y(u). What is the units digit of m(-5)?
5
Suppose -5*z = -2*r - 8*z - 8, 5*r - 5*z = 30. Suppose -5*x + 60 = -5*y, 2*y + 32 = r*x - 2*y. What is the units digit of x?
8
Let k be (-2)/(-8) - (-4075)/20. Suppose -4*r + k = 48. What is the units digit of r?
9
Suppose f = -35 + 537. What is the units digit of f?
2
Let f(j) = -288*j - 121. What is the hundreds digit of f(-3)?
7
Suppose -1886 + 650 = -3*z. What is the tens digit of z?
1
Let i(f) = -4*f**3 - 2*f**2 - 6*f - 7. What is the units digit of i(-2)?
9
Let c(z) = -z + 6. Let a(o) = 4*o - 18. Let r(p) = -2*a(p) - 7*c(p). Let b be r(-9). Suppose -b = y - 26. What is the units digit of y?
3
Let x(q) = 49*q + 1691. What is the thousands digit of x(0)?
1
Let c(q) = 19*q + 50. Let b(r) = -13*r - 34. Let l(g) = -8*b(g) - 5*c(g). What is the tens digit of l(10)?
1
Suppose 0 = t - 3*b - 35, -2*b + 31 = t - 3*b. Let s = 53 - t. Suppose 3*j - s - 36 = 0. What is the tens digit of j?
2
Let j = 131 - -294. What is the units digit of j?
5
Let y(t) = t**2 + 38. Let v be y(0). Suppose -6 = -g + v. What is the units digit of 128/22 + 8/g?
6
Let b(u) = 39*u - 2. Let x(p) = -39*p + 2. Let a(h) = 6*b(h) + 7*x(h). What is the tens digit of a(-1)?
4
Let f = -105 - -384. What is the tens digit of f?
7
Suppose 3607 = 6*a + 763. What is the units digit of a?
4
Suppose 43*b - 14953 = -161. What is the hundreds digit of b?
3
Let o be (-2)/(-1 - (2 + -2)). Suppose -3*c + 5*d + 10 = 0, -o*c - d + 36 = 3*d. Suppose -2*h = -7*h + c. What is the units digit of h?
2
Suppose l + 2294 = 5*b - 0*l, 0 = b - l - 462. Let x = 796 - b. What is the units digit of x/14 - 12/84?
4
Suppose 2*l - 12 = -2*l - 4*h, -4*l - 3*h = -12. Let m(q) = 15*q - 3. Let v be m(l). Let d = v + -13. What is the units digit of d?
9
Let t(z) = -z**2 - 12*z + 1. Suppose 5*m - 97 = -4*q, 5*q + 10 = -2*m + 110. Suppose 0 = -4*u - q - 6. What is the units digi